ighest common factor of 199048 and 55322?
278
Calculate the greatest common divisor of 124700 and 237800.
2900
What is the greatest common factor of 88822832 and 1952?
976
Calculate the highest common factor of 16932 and 51294.
498
What is the highest common factor of 3145024 and 152?
8
What is the greatest common factor of 71806 and 4074427?
161
What is the greatest common divisor of 350512 and 255056?
304
Calculate the highest common factor of 5107441 and 5747.
821
Calculate the highest common divisor of 7242 and 148958.
142
What is the greatest common factor of 225180 and 594540?
1620
Calculate the highest common factor of 26019271 and 1251.
139
Calculate the greatest common divisor of 306182943 and 2079.
297
Calculate the greatest common factor of 93 and 79461804.
93
What is the highest common divisor of 57003516 and 4437?
153
What is the highest common factor of 1754500 and 1044?
116
What is the greatest common divisor of 2955496 and 81082?
1142
Calculate the greatest common divisor of 1203371 and 26.
13
Calculate the highest common factor of 627 and 1678783.
19
Calculate the highest common factor of 8000 and 12359000.
1000
Calculate the greatest common divisor of 516274 and 128898.
682
What is the greatest common factor of 323 and 62829637?
323
Calculate the highest common factor of 69451070 and 4388.
2194
Calculate the greatest common factor of 1916 and 20138597.
479
What is the greatest common factor of 43158464 and 256?
64
What is the highest common factor of 198725 and 349600?
25
What is the greatest common divisor of 97554 and 114?
6
What is the greatest common divisor of 48828 and 4134?
78
What is the greatest common factor of 1078 and 74866?
22
Calculate the greatest common divisor of 24586 and 12046.
38
Calculate the highest common factor of 481 and 8169119.
37
What is the highest common factor of 74 and 76700593?
37
What is the greatest common factor of 54675 and 129825?
225
What is the highest common factor of 1257413 and 2819168?
8009
Calculate the greatest common factor of 4000 and 6437000.
1000
What is the greatest common divisor of 7644 and 1050140?
364
Calculate the highest common factor of 1776 and 1203.
3
What is the highest common divisor of 303 and 277918367?
101
Calculate the highest common divisor of 18 and 7268706.
18
What is the highest common factor of 1125 and 55708245?
45
Calculate the highest common divisor of 27816378 and 185.
37
What is the greatest common factor of 699353191 and 51?
17
Calculate the highest common divisor of 55 and 110033275.
55
What is the greatest common divisor of 1096641 and 8549?
103
What is the greatest common factor of 3794816 and 156032?
2944
Calculate the highest common divisor of 30 and 419628170.
10
What is the highest common factor of 4186 and 88088?
182
What is the highest common divisor of 3698 and 680306268?
3698
Calculate the highest common factor of 3246153 and 172985.
1193
What is the highest common divisor of 378418 and 12499?
431
What is the greatest common divisor of 1658124 and 4?
4
What is the highest common divisor of 4694317 and 725?
29
What is the greatest common factor of 76287962 and 124?
62
What is the highest common factor of 97013577 and 10661?
1523
What is the highest common factor of 130400919 and 117?
9
Calculate the greatest common factor of 48283618 and 514.
514
What is the highest common factor of 546295 and 1?
1
Calculate the highest common divisor of 68289843 and 3201.
291
Calculate the highest common factor of 27535221 and 567.
567
Calculate the greatest common divisor of 3067015 and 2240.
35
What is the highest common factor of 165 and 8184975?
15
What is the greatest common factor of 4175 and 26101265?
835
What is the greatest common divisor of 582171 and 186?
3
What is the highest common divisor of 89580 and 8640?
60
What is the highest common divisor of 31926304 and 201?
67
Calculate the greatest common divisor of 18 and 39398.
2
Calculate the greatest common factor of 162852 and 27396.
12
Calculate the greatest common factor of 90748 and 94864.
196
What is the greatest common factor of 402720 and 20480?
160
Calculate the highest common factor of 342374337 and 3693.
3693
Calculate the highest common factor of 30798 and 3594.
6
Calculate the highest common factor of 178 and 467707549.
89
Calculate the highest common factor of 85576 and 4769.
19
Calculate the highest common factor of 14324 and 1960.
4
Calculate the greatest common divisor of 24444300 and 190.
10
Calculate the greatest common divisor of 35 and 17503055.
5
Calculate the greatest common factor of 807245670 and 1770.
1770
What is the greatest common divisor of 91316779 and 67?
67
Calculate the greatest common divisor of 100665367 and 11.
11
Calculate the greatest common factor of 1251033 and 603561.
861
Calculate the greatest common factor of 1615432 and 26.
26
What is the greatest common divisor of 1540296 and 1863?
81
What is the highest common divisor of 95432 and 1907060?
316
Calculate the highest common divisor of 231636 and 3221412.
2388
What is the greatest common factor of 20157970 and 2072?
518
What is the greatest common divisor of 11064 and 9925791?
1383
What is the greatest common divisor of 32093828 and 676?
52
Calculate the greatest common divisor of 115208918 and 9832.
2458
Calculate the greatest common factor of 4676074 and 858.
26
What is the highest common factor of 3094824 and 2?
2
What is the highest common divisor of 7109 and 331?
1
What is the highest common divisor of 1590561 and 63?
63
Calculate the highest common divisor of 2626 and 962934.
202
Calculate the highest common divisor of 6144 and 15152.
16
Calculate the highest common factor of 300 and 6345750.
150
Calculate the highest common divisor of 44869455 and 45.
45
What is the greatest common factor of 3942 and 53586891?
657
Calculate the highest common divisor of 2545 and 26708757.
509
What is the greatest common divisor of 297354726 and 1215?
243
What is the greatest common divisor of 9906 and 2352294?
762
What is the highest common factor of 9818940 and 5580?
1860
Calculate the greatest common divisor of 57151 and 1125107.
853
Calculate the highest common factor of 262 and 6075911.
131
What is the greatest common factor of 378568263 and 10446?
5223
What is the highest common divisor of 189675 and 54765?
45
What is the greatest common divisor of 16544004 and 15502?
674
What is the highest common divisor of 2415334 and 13430874?
10106
Calculate the greatest common factor of 27208063 and 274.
137
Calculate the highest common divisor of 2426488435 and 1015.
1015
Calculate the greatest common divisor of 44 and 9771938.
22
Calculate the greatest common factor of 37 and 321645366.
37
Calculate the highest common factor of 4865146 and 1298.
22
Calculate the greatest common factor of 634 and 18936.
2
Calculate the highest common divisor of 1485 and 69593535.
495
Calculate the highest common divisor of 27700800 and 47328.
2784
Calculate the highest common divisor of 15 and 9626965.
5
Calculate the greatest common factor of 95 and 18244085.
95
Calculate the greatest common divisor of 102040260 and 3192.
1596
What is the highest common divisor of 10142370 and 82620?
1530
What is the greatest common divisor of 3806893 and 8917?
37
Calculate the greatest common factor of 16747192 and 700.
28
What is the highest common divisor of 6147 and 24858?
9
What is the highest common factor of 32439430 and 460?
230
What is the greatest common factor of 28080000 and 54?
54
What is the highest common factor of 2945 and 8480578085?
2945
Calculate the greatest common factor of 162846 and 572250.
654
Calculate the greatest common divisor of 21504 and 13104.
336
Calculate the highest common divisor of 93 and 53531761.
31
Calculate the greatest common divisor of 2936 and 958718504.
2936
What is the greatest common factor of 618897600 and 18000?
3600
Calculate the highest common divisor of 74885 and 138317.
881
What is the highest common factor of 273 and 2922699?
39
Calculate the highest common factor of 76 and 55446674.
38
What is the highest common factor of 4976 and 3224352?
16
Calculate the highest common divisor of 78 and 5072338.
2
Calculate the highest common factor of 1424 and 3778851.
89
Calculate the highest common diviso